alculate the greatest common divisor of j and 20.
20
Let v be 3/6 + 486/4. Let x = v - 84. What is the highest common divisor of x and 95?
19
Suppose 8 = o - 7. Let a(m) = m**2 - 9. Let d be a(12). What is the greatest common divisor of d and o?
15
Let u = -1 - -3. Suppose u*x = -3*x + 10. Calculate the greatest common divisor of 16 and x.
2
Let f(x) = -7*x + 1. Let j be f(-2). Calculate the greatest common divisor of j and 10.
5
Suppose -2*b - 6 = -v, -5*b = -5*v - b + 54. Calculate the greatest common factor of 56 and v.
14
Let m be (-39)/52 - (-1)/((-4)/(-79)). What is the greatest common factor of m and 247?
19
Let d = 10 + -9. Let f be 1/(3/(-9)*d). Let c = f + 21. What is the greatest common factor of c and 9?
9
Let p be 26/4*6 - -3. Calculate the greatest common factor of p and 28.
14
Suppose 5*i = 3*k - 160, -90 = -k + 3*i - 30. Calculate the greatest common factor of k and 9.
9
Let i be -1 + 3/1 + -2. Suppose 4*c - 69 = 19. Suppose i*m = -2*m + c. Calculate the highest common factor of m and 77.
11
Suppose 4*g - 22 = q, 5*g - 3*q = 3*g + 16. Suppose 3 = 4*p - o, 0 = 3*p - o - g + 3. What is the greatest common divisor of 8 and p?
1
Suppose -2*n + 26 = 2*x, 4*x - 43 = -4*n + 3*x. Let h = -2 + n. Suppose 2*k - 6 = h. What is the highest common divisor of 56 and k?
7
Suppose -f + 8 - 1 = 0. Let w(t) = 36*t**2 - 7*t + 6. Let j be w(1). Calculate the highest common divisor of f and j.
7
Let c be (-1)/(-2) - (-3)/2. Suppose c*v - f - 16 = -5*f, f = -v + 10. What is the highest common factor of v and 96?
12
Let q be (-3)/(4/56*-3). Suppose 5*u + 3*y = 50, 8*y + 10 = 5*u + 3*y. Calculate the greatest common factor of q and u.
7
Suppose -19 - 11 = -5*q. Suppose 65 = q*d - 103. Calculate the highest common divisor of 14 and d.
14
Suppose -2*j - 3*k = -39, -5*j + 4*k = -27 - 13. Suppose -3*q + 54 = -0*q. Calculate the highest common factor of q and j.
6
Let m = 22 - 19. Suppose a - 26 = -m*u, 30 = 5*a - 3*u - 2*u. What is the greatest common divisor of a and 99?
11
Let k = -29 - -42. Suppose -16 - 9 = -5*h. Suppose -h*c = -3*c - 208. Calculate the greatest common divisor of c and k.
13
Suppose -127 = -8*f + 1. Suppose 0*k = 4*y + k - 319, 5*y - 397 = -3*k. Calculate the greatest common divisor of y and f.
16
Suppose -4*q = 3*u - 19, 2*u + 6 = -5*q + 21. Suppose -7*m + 62 = -u*m. What is the highest common factor of 62 and m?
31
Let s(x) = 3*x - 26. Let i be s(9). What is the greatest common divisor of 11 and i?
1
Suppose 18*y = 20*y - 64. What is the highest common factor of y and 4?
4
Suppose 4*t + 14 = 50. Calculate the highest common factor of 9 and t.
9
Suppose 0 = 3*o - 4*n - 135, 3*n + 68 + 112 = 4*o. Calculate the highest common divisor of 15 and o.
15
Let c(t) = t**2 + 9*t + 13. Let q be c(-8). Calculate the highest common divisor of q and 1.
1
Let a be -1*(-1)/(((-33)/90)/(-11)). What is the greatest common factor of a and 330?
30
Let z be 1*(-2 - -3 - 3). Let j be (-2 - -1)*z*3. Calculate the highest common factor of j and 4.
2
Let b be ((-3)/2 - 3)*-2. Calculate the greatest common divisor of b and 6.
3
Let d be ((-112)/24)/((-2)/3). Suppose c + j - 2*j + 1 = 0, c = 4*j - d. What is the greatest common divisor of 1 and c?
1
Let j = 15 - 11. Suppose -6 = -2*v + j. Calculate the greatest common divisor of 1 and v.
1
Let o(j) = 35*j + 5. Let x be o(3). Suppose -5*w + 4*w + 44 = 0. Calculate the greatest common factor of x and w.
22
Let i(u) = u + 2. Let a be i(20). What is the greatest common factor of 55 and a?
11
Suppose 0 = 5*z + 66 + 64. Let j(c) = 2*c**2 - 5*c - 3. Let n be j(6). Let a be (-4)/z + 72/n. Calculate the highest common divisor of a and 2.
2
Let v(z) = 4*z. Let u be v(1). Suppose h = u*n - 0*h - 339, -2*n + 2*h + 174 = 0. Suppose -3*w - 18 = -n. What is the greatest common divisor of 33 and w?
11
Suppose -10*p + 14 = -136. What is the greatest common factor of p and 165?
15
Let i(u) = -81*u + 1. Let z be i(-1). Let c = z + -10. Suppose -c = -r - 3*r. What is the greatest common divisor of 2 and r?
2
Let p = 8 + 3. Let w be (-329)/(-14) - 3/2. Calculate the highest common factor of w and p.
11
Suppose 16*t - 13*t - 84 = 0. Calculate the greatest common divisor of 70 and t.
14
Let f = 2 + 11. Suppose -5*a + 23 = 4*s, -5*s = 5*a - f - 22. What is the greatest common factor of s and 12?
12
Suppose 0 = -3*t - 15, 4*t = 2*d + 23 - 79. Let v be 536/10 - (-2)/5. Calculate the highest common factor of v and d.
18
Let v be 1/(-2) + (-54)/(-4). Suppose -26 = -19*a + 17*a. What is the greatest common divisor of v and a?
13
Let d(r) = 13*r**2 - 2*r + 5. Let g be d(-3). What is the highest common divisor of 16 and g?
16
Suppose -105 = -3*h - 0*h - 3*r, 5*r = -2*h + 79. Suppose -k = -7 + 3, -k - 12 = -4*v. What is the highest common factor of v and h?
4
Let h(z) = z + 9. Let f be h(3). Calculate the greatest common divisor of f and 30.
6
Let h(s) = 4*s**2 + 2*s + 6. Let u be h(-6). Suppose f - 3*f - 4 = 0, 3*f = -4*c + u. Suppose -3*k + 2*k = -c. What is the greatest common factor of 12 and k?
12
Let z be -3*(0 + 1)*-7. Let n = 60 - 28. Let q = n - z. What is the highest common factor of 33 and q?
11
Suppose 4*b - 81 + 17 = 0. Suppose 2*k + 5*i = 13, 4*k - k + 4*i = 9. Let w be ((k - -7) + -2)*1. Calculate the greatest common factor of b and w.
4
Let o be ((-63)/(-28))/(3/16). Suppose 4*y + o = 132. What is the greatest common divisor of y and 6?
6
Suppose -2*s + 17 = -s - 3*n, 4*s + 2*n - 40 = 0. Calculate the highest common factor of 44 and s.
11
Suppose 3*d + 3*c - 102 = 0, -4*d + 3*c - 66 = -6*d. Let n = 52 - 28. Calculate the highest common divisor of d and n.
12
Suppose -6*q = -3*q. Suppose -2*t - 32 - 550 = q. Let f be t/(-15) + (-3)/(-5). What is the highest common factor of f and 80?
20
Let o(g) = 12*g - 5. Let k be o(5). Let d = 15 + -10. Calculate the greatest common divisor of k and d.
5
Suppose 3*k + 3*n - 58 = -2*n, -k = n - 18. Let d = -11 + k. Calculate the highest common divisor of d and 5.
5
Let b(u) = -u**2 + u + 4. Let s be b(0). Let h be (-28)/(-8) + (-2)/s. Calculate the highest common divisor of h and 12.
3
Suppose -5*b + 0*q - 5*q = -15, 2*b + 3*q - 8 = 0. Let p be (0/1)/(-2 + b). Suppose y - 10 = -2*v, y = -p*y. Calculate the highest common factor of v and 35.
5
Let t be -1 + -1*42/(-2). Let z = 0 + 4. What is the greatest common divisor of z and t?
4
Let c(n) = 2*n**2 + 22*n - 8. Let s be c(-14). Calculate the greatest common divisor of 19 and s.
19
Suppose 14*i - 9*i = 300. Calculate the highest common factor of i and 12.
12
Suppose -166 = -3*r - 2*z, 5*r + 2*z - 32 = 238. What is the highest common factor of 13 and r?
13
Suppose 6 = 5*a - 2*a, -3*o - a = -2. Let j be (-1)/3*o - -46. Let k = 108 + -39. Calculate the highest common factor of k and j.
23
Suppose -20 = 5*m - 210. What is the highest common divisor of 19 and m?
19
Let v be (-32)/(-5) + 6/10. What is the greatest common divisor of v and 28?
7
Let w be (-7)/((-3)/6*2). Suppose -i - 4 = 0, 0*z = -z - 3*i - w. Suppose u = 4*f + 6*u - 220, 0 = u. Calculate the highest common divisor of z and f.
5
Let d be 2 + (52 - 0/3). Suppose -5*s + 2*s - 12 = -v, d = 3*v - 3*s. Let k = v - 7. What is the greatest common factor of k and 14?
14
Let a be (1/(-2))/((-3)/36). Let s = 118 + -52. What is the greatest common divisor of s and a?
6
Let s(q) = 2*q**2 - 3*q - 4. Let t be s(-2). What is the highest common factor of 2 and t?
2
Let g = 95 + -78. What is the greatest common divisor of g and 17?
17
Let t(z) be the third derivative of -z**4/12 - z**3/3 - z**2. Let s be t(-2). What is the highest common factor of s and 12?
2
Let t = 38 + -18. Calculate the highest common divisor of 20 and t.
20
Suppose q + 111 = 306. What is the highest common divisor of q and 39?
39
Let p = -18 + 22. Suppose -27 = c - p*c. Suppose 14 = -4*x + 38. Calculate the highest common factor of c and x.
3
Suppose 0 = -g - 4*g + 150. Suppose 16 = 2*s - 0*s + 2*u, 2*u - 4 = 0. What is the highest common factor of s and g?
6
Let q be (-2)/(95/(-30) - -3). What is the greatest common factor of 21 and q?
3
Let k(o) = -2*o - 1. Let x be k(-5). Calculate the highest common divisor of 18 and x.
9
Suppose 3*v = -24 - 0. Let k be 1/(-2) - (-4)/v. Let o = k - -3. Calculate the highest common divis